 2040 a multiple of 17?
True
Does 32 divide 320?
True
Is 17 a factor of 391?
True
Is 67130 a multiple of 245?
True
Does 13 divide 832?
True
Is 9683 a multiple of 41?
False
Does 23 divide 1371?
False
Does 92 divide 16648?
False
Is 980 a multiple of 28?
True
Does 158 divide 11208?
False
Is 21 a factor of 196?
False
Is 466 a multiple of 16?
False
Is 28 a factor of 196?
True
Does 24 divide 4669?
False
Does 16 divide 1936?
True
Does 55 divide 724?
False
Is 34 a factor of 10262?
False
Is 94962 a multiple of 147?
True
Does 10 divide 7230?
True
Is 28 a factor of 21840?
True
Is 2749 a multiple of 34?
False
Is 2128 a multiple of 38?
True
Does 11 divide 10706?
False
Is 48 a factor of 3412?
False
Is 54 a multiple of 2?
True
Does 25 divide 11242?
False
Does 22 divide 6292?
True
Does 162 divide 31650?
False
Is 4 a factor of 80?
True
Does 244 divide 98332?
True
Is 93 a factor of 2232?
True
Does 17 divide 2136?
False
Is 160 a multiple of 16?
True
Does 22 divide 1430?
True
Is 736 a multiple of 16?
True
Is 12 a factor of 4440?
True
Is 6 a factor of 142?
False
Does 9 divide 1980?
True
Does 10 divide 50?
True
Is 26 a factor of 2054?
True
Is 20 a factor of 63393?
False
Is 1852 a multiple of 83?
False
Is 58 a factor of 35177?
False
Is 268 a factor of 104520?
True
Does 201 divide 64457?
False
Is 12 a factor of 744?
True
Is 11583 a multiple of 39?
True
Is 8 a factor of 76172?
False
Does 83 divide 6996?
False
Does 12 divide 3993?
False
Does 31 divide 116?
False
Is 22 a factor of 8316?
True
Is 29 a factor of 34249?
True
Does 69 divide 905?
False
Is 2302 a multiple of 21?
False
Does 157 divide 16485?
True
Does 46 divide 782?
True
Does 12 divide 1995?
False
Is 19 a factor of 10032?
True
Is 43 a factor of 4861?
False
Is 49392 a multiple of 28?
True
Is 461 a multiple of 40?
False
Does 44 divide 30140?
True
Does 16 divide 1328?
True
Does 44 divide 76340?
True
Is 1762 a multiple of 14?
False
Does 54 divide 2700?
True
Is 35 a factor of 7945?
True
Is 7 a factor of 175?
True
Does 65 divide 320?
False
Is 14 a factor of 710?
False
Is 14 a factor of 658?
True
Is 23 a factor of 1246?
False
Is 1656 a multiple of 72?
True
Is 17 a factor of 9871?
False
Is 28015 a multiple of 9?
False
Is 3 a factor of 36?
True
Does 47 divide 2021?
True
Is 777 a multiple of 21?
True
Is 70 a factor of 8050?
True
Is 27292 a multiple of 4?
True
Is 697 a multiple of 41?
True
Is 14028 a multiple of 4?
True
Does 11 divide 429?
True
Is 3 a factor of 964?
False
Is 3482 a multiple of 21?
False
Does 15 divide 719?
False
Does 6 divide 16479?
False
Is 10 a factor of 4070?
True
Is 98931 a multiple of 172?
False
Is 6 a factor of 3071?
False
Does 21 divide 12619?
False
Is 22 a factor of 21428?
True
Is 49590 a multiple of 5?
True
Does 163 divide 73730?
False
Is 20 a factor of 3717?
False
Is 21 a factor of 2160?
False
Is 174 a multiple of 29?
True
Is 7 a factor of 644?
True
Is 34 a factor of 68?
True
Is 16 a factor of 3424?
True
Is 3194 a multiple of 44?
False
Is 32 a factor of 8032?
True
Is 15 a factor of 3957?
False
Is 6 a factor of 14281?
False
Is 22 a factor of 66?
True
Is 53 a factor of 16775?
False
Does 7 divide 12418?
True
Does 4 divide 299?
False
Is 17 a factor of 22307?
False
Is 4 a factor of 588?
True
Does 36 divide 11736?
True
Is 120 a multiple of 12?
True
Is 24 a factor of 1872?
True
Is 34 a factor of 1741?
False
Is 238 a multiple of 14?
True
Is 12990 a multiple of 30?
True
Does 43 divide 31790?
False
Is 10 a factor of 1027?
False
Is 138 a multiple of 8?
False
Is 13 a factor of 5291?
True
Does 21 divide 8352?
False
Does 46 divide 3218?
False
Is 11 a factor of 2987?
False
Is 496 a multiple of 31?
True
Is 196 a multiple of 7?
True
Is 43524 a multiple of 27?
True
Is 5898 a multiple of 6?
True
Is 38 a factor of 1064?
True
Does 5 divide 666?
False
Is 50000 a multiple of 400?
True
Is 1440 a multiple of 15?
True
Is 37365 a multiple of 47?
True
Does 9 divide 126?
True
Is 83 a factor of 9379?
True
Is 101 a factor of 606?
True
Is 26 a factor of 2596?
False
Is 21 a factor of 37611?
True
Does 44 divide 1898?
False
Is 9555 a multiple of 105?
True
Does 110 divide 2913?
False
Is 483 a multiple of 161?
True
Does 16 divide 26208?
True
Is 255 a multiple of 5?
True
Does 21 divide 23499?
True
Does 25 divide 746?
False
Does 299 divide 43056?
True
Does 14 divide 29876?
True
Is 9 a factor of 2909?
False
Is 21328 a multiple of 31?
True
Is 78 a factor of 2262?
True
Is 3097 a multiple of 163?
True
Is 561 a multiple of 40?
False
Is 11937 a multiple of 23?
True
Is 13270 a multiple of 20?
False
Does 13 divide 2284?
False
Is 6 a factor of 450?
True
Is 527 a multiple of 45?
False
Is 1065 a multiple of 65?
False
Is 126 a factor of 126?
True
Is 3 a factor of 108?
True
Does 124 divide 16616?
True
Is 57 a factor of 456?
True
Is 61 a factor of 915?
True
Does 19 divide 12901?
True
Does 38 divide 86716?
True
Is 255 a factor of 31620?
True
Is 107 a factor of 6650?
False
Is 9 a factor of 459?
True
Does 14 divide 44161?
False
Is 12 a factor of 16054?
False
Is 21 a factor of 12979?
False
Does 39 divide 215?
False
Is 4704 a multiple of 56?
True
Is 4 a factor of 932?
True
Is 13 a factor of 141?
False
Is 4054 even?
True
Is 99 a factor of 15642?
True
Is 1618 a multiple of 27?
False
Is 147 a multiple of 68?
False
Is 1541 a multiple of 19?
False
Is 69482 a multiple of 49?
True
Does 77 divide 2387?
True
Is 12 a factor of 3145?
False
Is 7 a factor of 6400?
False
Is 1092 a multiple of 5?
False
Does 9 divide 696?
False
Is 508 a multiple of 8?
False
Does 23 divide 1967?
False
Is 130 a factor of 3250?
True
Does 54 divide 8100?
True
Is 5568 a multiple of 8?
True
Is 331 a multiple of 12?
False
Does 29 divide 783?
True
Is 27 a factor of 15594?
False
Does 4 divide 6168?
True
Is 21 a factor of 147?
True
Is 2312 a multiple of 17?
True
Does 145 divide 18415?
True
Does 41 divide 16646?
True
Is 16790 a multiple of 268?
False
Is 8 a factor of 32?
True
Is 986 a multiple of 17?
True
Is 23 a factor of 414?
True
Is 6 a factor of 2052?
True
Is 8930 a multiple of 10?
True
Is 711 a multiple of 8?
False
Is 11 a factor of 28669?
False
Is 4588 a multiple of 74?
True
Does 91 divide 13484?
False
Does 58 divide 25971?
False
Is 54 a factor of 193644?
True
Does 114 divide 2394?
True
Does 30 divide 9000?
True
Is 2394 a multiple of 233?
False
Does 26 divide 2652?
True
Does 62 divide 91799?
False
Does 23 divide 920?
True
Does 4 divide 1124?
True
Is 256 a multiple of 9?
False
Does 142 divide 2130?
True
Is 37 a multiple of 4?
False
Is 1648 a multiple of 8?
True
Does 8 divide 208?
True
Is 12 a factor of 18?
False
Is 32 a factor of 4320?
True
Does 67 divide 2262?
False
Does 26 divide 1032?
False
Does 16 divide 2368?
True
Is 36894 a multiple of 12?
False
Is 792 a multiple of 21?
False
Is 15 a factor of 1025?
False
Is 348 a multiple of 6?
True
Does 12 divide 30588?
True
Is 208 a multiple of 52?
True
Is 182 a factor of 24792?
False
Does 32 divide 7424?
True
Does 108 divide 14146?
False
Is 42 a multiple of 5?
False
Does 9 divide 13389?
False
Is 17 a multiple of 10?
False
Is 606 a multiple of 13?
False
Is 19199 a multiple of 73?
True
Is 36 a factor of 1548?
True
Is 157 a factor of 19925?
False
Is 7709 a multiple of 113?
False
Does 88 divide 528?
True
Is 50 a factor of 1081?
False
Is 22 a factor of 1332?
False
Is 2420 a multiple of 8?
False
Does 7 divide 10164?
True
Is 26 a factor of 1661?
False
Is 53 a factor of 25599?
True
Does 52 divide 3796?
True
Is 2592 a multiple of 162?
True
Is 390 a multiple of 26?
True
Does 105 divide 35595?
True
Is 152 a factor of 11552?
True
Is 5 a factor of 12738?
False
Does 72 divide 8776?
False
Is 1177 a multiple of 11?
True
Is 60 a factor of 92160?
True
Does 36 divide 9396?
True
Does 10 divide 2600?
True
Does 9 divide 267?
False
Is 7603 a multiple of 144?
False
Does 121 divide 18513?
True
Does 12 divide 111141?
False
Does 12 divide 3372?
True
Is 2650 a multiple of 25?
True
Does 23 divide 1530?
False
Is 23 a factor of 1748?
True
Is 18 a factor of 67?
False
Does 5 divide 2922?
False
Is 1430 a multiple of 26?
True
Does 32 divide 96?
True
Is 616 a multiple of 15?
False
Is 93 a factor of 17722?
False
Is 51545 a multiple of 9?
False
Is 65 a factor of 2535?
True
Is 6855 a multiple of 38?
False
Is 833 a multiple of 37?
False
Is 3 a factor of 1673?
False
Is 251 a factor 